 highest common factor of 33 and 1034?
11
Calculate the highest common factor of 18927 and 27.
27
What is the highest common divisor of 202 and 4?
2
What is the highest common factor of 63 and 105?
21
What is the greatest common divisor of 52811 and 11?
11
What is the greatest common factor of 45 and 225?
45
Calculate the greatest common factor of 105 and 133.
7
What is the greatest common divisor of 78 and 663?
39
Calculate the greatest common divisor of 8050 and 4186.
322
Calculate the highest common factor of 256 and 8.
8
What is the highest common divisor of 70 and 105?
35
Calculate the greatest common divisor of 15455 and 55.
55
Calculate the highest common factor of 65 and 169.
13
What is the greatest common divisor of 6161 and 305?
61
What is the greatest common divisor of 32 and 568?
8
Calculate the highest common factor of 4 and 131.
1
What is the greatest common factor of 1528 and 144?
8
Calculate the greatest common factor of 236 and 4.
4
Calculate the greatest common divisor of 15 and 9885.
15
What is the highest common divisor of 988 and 190?
38
Calculate the greatest common factor of 6838 and 182.
26
Calculate the greatest common divisor of 161 and 5129.
23
Calculate the highest common factor of 170 and 5185.
85
What is the highest common factor of 2116 and 4?
4
Calculate the greatest common factor of 336 and 399.
21
Calculate the highest common factor of 39022 and 716.
358
What is the highest common divisor of 534 and 6?
6
Calculate the highest common divisor of 7421 and 41.
41
What is the highest common factor of 75 and 100?
25
What is the highest common divisor of 33 and 2409?
33
Calculate the greatest common factor of 1591 and 43.
43
What is the greatest common factor of 610 and 183?
61
Calculate the highest common factor of 15 and 4965.
15
Calculate the greatest common divisor of 333 and 252.
9
What is the highest common divisor of 15 and 10?
5
Calculate the greatest common divisor of 741 and 156.
39
What is the greatest common factor of 162 and 14?
2
What is the greatest common factor of 32 and 4984?
8
What is the greatest common factor of 222 and 42?
6
Calculate the highest common divisor of 989 and 161.
23
What is the greatest common divisor of 21 and 35?
7
Calculate the greatest common divisor of 49 and 294.
49
What is the highest common divisor of 70 and 238?
14
What is the greatest common factor of 3844 and 12?
4
What is the highest common divisor of 16 and 264?
8
What is the greatest common factor of 120 and 390?
30
What is the greatest common divisor of 31 and 155?
31
What is the greatest common factor of 25 and 1625?
25
What is the highest common factor of 18 and 14733?
9
Calculate the greatest common divisor of 798 and 42.
42
Calculate the greatest common factor of 219 and 15987.
219
Calculate the highest common divisor of 222 and 36.
6
Calculate the greatest common divisor of 37 and 29.
1
What is the highest common factor of 49 and 1106?
7
Calculate the highest common factor of 60 and 1310.
10
Calculate the greatest common factor of 5 and 5.
5
Calculate the greatest common factor of 702 and 72.
18
Calculate the highest common factor of 2233 and 77.
77
Calculate the highest common divisor of 156 and 78.
78
What is the greatest common factor of 297 and 6?
3
Calculate the greatest common factor of 19 and 40983.
19
What is the greatest common divisor of 83 and 581?
83
Calculate the highest common factor of 14 and 994.
14
What is the greatest common factor of 814 and 6142?
74
What is the highest common divisor of 351 and 208?
13
What is the greatest common factor of 275 and 40?
5
Calculate the highest common divisor of 507 and 39.
39
Calculate the highest common factor of 20 and 18670.
10
What is the highest common divisor of 64 and 16?
16
What is the greatest common factor of 20 and 2870?
10
Calculate the greatest common factor of 20 and 15.
5
Calculate the highest common factor of 306 and 68.
34
What is the highest common factor of 136 and 20?
4
Calculate the greatest common divisor of 231 and 99.
33
What is the highest common divisor of 24 and 96?
24
Calculate the greatest common factor of 19 and 6593.
19
What is the greatest common factor of 1586 and 338?
26
What is the greatest common factor of 353 and 92839?
353
What is the greatest common divisor of 35 and 5103?
7
Calculate the highest common factor of 351 and 156.
39
What is the highest common divisor of 645 and 165?
15
What is the highest common divisor of 1034 and 47?
47
Calculate the highest common divisor of 12 and 18366.
6
Calculate the highest common divisor of 1258 and 102.
34
What is the highest common divisor of 1726 and 2?
2
Calculate the greatest common divisor of 116 and 174.
58
What is the highest common divisor of 1120 and 84?
28
What is the highest common factor of 272 and 24?
8
Calculate the highest common divisor of 29 and 27463.
29
Calculate the highest common factor of 69 and 2553.
69
What is the highest common factor of 286 and 52?
26
What is the highest common divisor of 25 and 725?
25
What is the greatest common factor of 266 and 114?
38
What is the highest common divisor of 1845 and 2009?
41
Calculate the greatest common divisor of 68 and 170.
34
What is the highest common factor of 731 and 34?
17
What is the greatest common factor of 345 and 240?
15
Calculate the highest common factor of 175 and 125.
25
What is the greatest common factor of 27 and 48717?
9
Calculate the greatest common divisor of 148 and 64.
4
What is the highest common factor of 21 and 4809?
21
What is the highest common divisor of 13 and 52?
13
What is the highest common divisor of 1265 and 575?
115
What is the greatest common factor of 28 and 812?
28
What is the highest common factor of 60 and 1350?
30
Calculate the greatest common divisor of 19 and 5491.
19
What is the highest common divisor of 240 and 15?
15
What is the greatest common divisor of 105 and 35?
35
Calculate the greatest common divisor of 45 and 2340.
45
What is the highest common divisor of 544 and 32?
32
What is the highest common factor of 84 and 2919?
21
What is the greatest common divisor of 3411 and 27?
9
Calculate the greatest common factor of 80 and 440.
40
What is the greatest common factor of 14 and 378?
14
Calculate the greatest common factor of 198 and 11385.
99
What is the highest common divisor of 335 and 67?
67
What is the greatest common divisor of 3900 and 20?
20
What is the greatest common factor of 9100 and 300?
100
What is the highest common divisor of 556 and 8201?
139
Calculate the greatest common factor of 243 and 189.
27
Calculate the greatest common factor of 66 and 435.
3
Calculate the greatest common factor of 51 and 833.
17
Calculate the greatest common factor of 20 and 55.
5
What is the highest common factor of 69 and 7958?
23
What is the highest common divisor of 446 and 14941?
223
Calculate the highest common factor of 35 and 1445.
5
What is the greatest common factor of 120 and 345?
15
Calculate the highest common factor of 16 and 9568.
16
What is the highest common factor of 3835 and 845?
65
Calculate the highest common divisor of 456 and 7125.
57
What is the greatest common factor of 376 and 141?
47
Calculate the highest common divisor of 22 and 495.
11
Calculate the highest common divisor of 315 and 2016.
63
Calculate the greatest common divisor of 11 and 187.
11
Calculate the greatest common factor of 5 and 1175.
5
Calculate the greatest common factor of 8051 and 97.
97
What is the highest common factor of 78 and 6?
6
Calculate the greatest common factor of 141 and 376.
47
What is the highest common factor of 42 and 10689?
21
Calculate the greatest common divisor of 24 and 138.
6
Calculate the greatest common factor of 517 and 297.
11
Calculate the highest common divisor of 6708 and 84.
12
What is the greatest common divisor of 48 and 496?
16
What is the highest common divisor of 95 and 551?
19
What is the highest common factor of 11918 and 590?
118
What is the greatest common divisor of 161 and 112?
7
Calculate the greatest common factor of 280 and 1440.
40
Calculate the highest common divisor of 341 and 713.
31
Calculate the highest common factor of 8037 and 47.
47
Calculate the greatest common factor of 55 and 375.
5
Calculate the greatest common divisor of 11